{"id":14185,"date":"2025-02-24T23:50:31","date_gmt":"2025-02-24T22:50:31","guid":{"rendered":"https:\/\/www.dualaktiviert-ruoda.ch\/wordpress\/?post_type=product&#038;p=14185"},"modified":"2025-02-08T00:26:33","modified_gmt":"2025-02-07T23:26:33","slug":"equigym","status":"publish","type":"product","link":"https:\/\/www.dualaktiviert-ruoda.ch\/wordpress\/produkt\/equigym\/","title":{"rendered":"EquiGym\u00ae"},"content":{"rendered":"","protected":false},"excerpt":{"rendered":"<div class=\"flex max-w-full flex-col flex-grow\">\n<div class=\"min-h-8 text-message flex w-full flex-col items-end gap-2 whitespace-normal break-words text-start [.text-message+&amp;]:mt-5\" dir=\"auto\" data-message-author-role=\"assistant\" data-message-id=\"e0bbbba0-44db-487f-9812-04ec9ba1c24f\" data-message-model-slug=\"gpt-4o\">\n<div class=\"flex w-full flex-col gap-1 empty:hidden first:pt-[3px]\">\n<div class=\"markdown prose w-full break-words dark:prose-invert light\">\n<p><strong>EquiGym\u00ae \u2013 Das Koordinationsprogramm f\u00fcr gesunde und ausgeglichene Pferde<\/strong><\/p>\n<p>Mit <em>EquiGym\u00ae<\/em> pr\u00e4sentiert Bestsellerautor Michael Geitner eine spannende Innovation aus der blau-gelben Trainingswelt: ein effektives Koordinationstraining, das die Sinne des Pferdes schult und seine Balance sowie K\u00f6rperkoordination verbessert.<\/p>\n<p>Durch den gezielten Einsatz von Gassen, Pylonen und speziell entwickelten Schaumstoffmatten wird das Pferd in seinem Gleichgewicht gef\u00f6rdert. <em>EquiGym\u00ae<\/em> l\u00e4sst sich ideal in bew\u00e4hrte Trainingsmethoden wie <strong>Equikinetic\u00ae, Dual-Aktivierung\u00ae (longiert und geritten), Longe-Walking und EquiClassic-Work\u00ae<\/strong> integrieren. Das Ergebnis: Mehr Balance, Kraft und K\u00f6rperbewusstsein f\u00fcr dein Pferd \u2013 und dabei jede Menge Spa\u00df!<\/p>\n<h3><strong>Warum EquiGym\u00ae?<\/strong><\/h3>\n<p>\u2714 <strong>Verbessert Balance &amp; Koordination<\/strong> \u2013 F\u00f6rdert ein sicheres und ausbalanciertes Bewegungsmuster.<br \/>\n\u2714 <strong>Gezieltes Muskeltraining<\/strong> \u2013 Unterst\u00fctzt den Muskelaufbau und st\u00e4rkt die Hinterhand.<br \/>\n\u2714 <strong>Mentale F\u00f6rderung<\/strong> \u2013 H\u00e4lt das Pferd geistig aktiv und verbessert seine Konzentration.<br \/>\n\u2714 <strong>Vielseitig einsetzbar<\/strong> \u2013 Ideal f\u00fcr Freizeit- und Sportpferde sowie f\u00fcr jede Trainingsstufe geeignet.<\/p>\n<p>Bringe Abwechslung und gezielte F\u00f6rderung in das Training deines Pferdes \u2013 mit <em>EquiGym\u00ae<\/em>, dem \u201ePush-up\u201c f\u00fcr Pferde!<\/p>\n<\/div>\n<\/div>\n<\/div>\n<\/div>\n","protected":false},"featured_media":14186,"comment_status":"open","ping_status":"closed","template":"","meta":[],"product_brand":[],"product_cat":[144],"product_tag":[],"class_list":{"0":"post-14185","1":"product","2":"type-product","3":"status-publish","4":"has-post-thumbnail","6":"product_cat-buecher","7":"product_shipping_class-buch","9":"first","10":"instock","11":"shipping-taxable","12":"purchasable","13":"product-type-simple"},"yoast_head":"<!-- This site is optimized with the Yoast SEO plugin v27.1.1 - https:\/\/yoast.com\/product\/yoast-seo-wordpress\/ -->\n<title>EquiGym\u00ae - Avada Modern Shop<\/title>\n<meta name=\"robots\" content=\"index, follow, max-snippet:-1, max-image-preview:large, max-video-preview:-1\" \/>\n<link rel=\"canonical\" href=\"https:\/\/www.dualaktiviert-ruoda.ch\/wordpress\/produkt\/equigym\/\" \/>\n<meta property=\"og:locale\" content=\"de_DE\" \/>\n<meta property=\"og:type\" content=\"article\" \/>\n<meta property=\"og:title\" content=\"EquiGym\u00ae - Avada Modern Shop\" \/>\n<meta property=\"og:description\" content=\"EquiGym\u00ae \u2013 Das Koordinationsprogramm f\u00fcr gesunde und ausgeglichene Pferde  Mit EquiGym\u00ae pr\u00e4sentiert Bestsellerautor Michael Geitner eine spannende Innovation aus der blau-gelben Trainingswelt: ein effektives Koordinationstraining, das die Sinne des Pferdes schult und seine Balance sowie K\u00f6rperkoordination verbessert.  Durch den gezielten Einsatz von Gassen, Pylonen und speziell entwickelten Schaumstoffmatten wird das Pferd in seinem Gleichgewicht gef\u00f6rdert. EquiGym\u00ae l\u00e4sst sich ideal in bew\u00e4hrte Trainingsmethoden wie Equikinetic\u00ae, Dual-Aktivierung\u00ae (longiert und geritten), Longe-Walking und EquiClassic-Work\u00ae integrieren. Das Ergebnis: Mehr Balance, Kraft und K\u00f6rperbewusstsein f\u00fcr dein Pferd \u2013 und dabei jede Menge Spa\u00df! Warum EquiGym\u00ae? \u2714 Verbessert Balance &amp; Koordination \u2013 F\u00f6rdert ein sicheres und ausbalanciertes Bewegungsmuster. \u2714 Gezieltes Muskeltraining \u2013 Unterst\u00fctzt den Muskelaufbau und st\u00e4rkt die Hinterhand. \u2714 Mentale F\u00f6rderung \u2013 H\u00e4lt das Pferd geistig aktiv und verbessert seine Konzentration. \u2714 Vielseitig einsetzbar \u2013 Ideal f\u00fcr Freizeit- und Sportpferde sowie f\u00fcr jede Trainingsstufe geeignet.  Bringe Abwechslung und gezielte F\u00f6rderung in das Training deines Pferdes \u2013 mit EquiGym\u00ae, dem \u201ePush-up\u201c f\u00fcr Pferde!\" \/>\n<meta property=\"og:url\" content=\"https:\/\/www.dualaktiviert-ruoda.ch\/wordpress\/produkt\/equigym\/\" \/>\n<meta property=\"og:site_name\" content=\"Avada Modern Shop\" \/>\n<meta property=\"og:image\" content=\"https:\/\/www.dualaktiviert-ruoda.ch\/wordpress\/wp-content\/uploads\/2025\/02\/equigym-buch-schweiz.jpg\" \/>\n\t<meta property=\"og:image:width\" content=\"425\" \/>\n\t<meta property=\"og:image:height\" content=\"600\" \/>\n\t<meta property=\"og:image:type\" content=\"image\/jpeg\" \/>\n<meta name=\"twitter:card\" content=\"summary_large_image\" \/>\n<meta name=\"twitter:label1\" content=\"Gesch\u00e4tzte Lesezeit\" \/>\n\t<meta name=\"twitter:data1\" content=\"1\u00a0Minute\" \/>\n<script type=\"application\/ld+json\" class=\"yoast-schema-graph\">{\"@context\":\"https:\/\/schema.org\",\"@graph\":[{\"@type\":\"WebPage\",\"@id\":\"https:\/\/www.dualaktiviert-ruoda.ch\/wordpress\/produkt\/equigym\/\",\"url\":\"https:\/\/www.dualaktiviert-ruoda.ch\/wordpress\/produkt\/equigym\/\",\"name\":\"EquiGym\u00ae - Avada Modern Shop\",\"isPartOf\":{\"@id\":\"https:\/\/www.dualaktiviert-ruoda.ch\/wordpress\/#website\"},\"primaryImageOfPage\":{\"@id\":\"https:\/\/www.dualaktiviert-ruoda.ch\/wordpress\/produkt\/equigym\/#primaryimage\"},\"image\":{\"@id\":\"https:\/\/www.dualaktiviert-ruoda.ch\/wordpress\/produkt\/equigym\/#primaryimage\"},\"thumbnailUrl\":\"https:\/\/www.dualaktiviert-ruoda.ch\/wordpress\/wp-content\/uploads\/2025\/02\/equigym-buch-schweiz.jpg\",\"datePublished\":\"2025-02-24T22:50:31+00:00\",\"breadcrumb\":{\"@id\":\"https:\/\/www.dualaktiviert-ruoda.ch\/wordpress\/produkt\/equigym\/#breadcrumb\"},\"inLanguage\":\"de\",\"potentialAction\":[{\"@type\":\"ReadAction\",\"target\":[\"https:\/\/www.dualaktiviert-ruoda.ch\/wordpress\/produkt\/equigym\/\"]}]},{\"@type\":\"ImageObject\",\"inLanguage\":\"de\",\"@id\":\"https:\/\/www.dualaktiviert-ruoda.ch\/wordpress\/produkt\/equigym\/#primaryimage\",\"url\":\"https:\/\/www.dualaktiviert-ruoda.ch\/wordpress\/wp-content\/uploads\/2025\/02\/equigym-buch-schweiz.jpg\",\"contentUrl\":\"https:\/\/www.dualaktiviert-ruoda.ch\/wordpress\/wp-content\/uploads\/2025\/02\/equigym-buch-schweiz.jpg\",\"width\":425,\"height\":600,\"caption\":\"EquiGym Buch\"},{\"@type\":\"BreadcrumbList\",\"@id\":\"https:\/\/www.dualaktiviert-ruoda.ch\/wordpress\/produkt\/equigym\/#breadcrumb\",\"itemListElement\":[{\"@type\":\"ListItem\",\"position\":1,\"name\":\"Home\",\"item\":\"https:\/\/www.dualaktiviert-ruoda.ch\/wordpress\/\"},{\"@type\":\"ListItem\",\"position\":2,\"name\":\"Michael Geitner Online-Shop (Schweiz)\",\"item\":\"https:\/\/www.dualaktiviert-ruoda.ch\/wordpress\/shop-schweiz\/\"},{\"@type\":\"ListItem\",\"position\":3,\"name\":\"EquiGym\u00ae\"}]},{\"@type\":\"WebSite\",\"@id\":\"https:\/\/www.dualaktiviert-ruoda.ch\/wordpress\/#website\",\"url\":\"https:\/\/www.dualaktiviert-ruoda.ch\/wordpress\/\",\"name\":\"Avada Modern Shop\",\"description\":\"Fr\u00e4nzi Bugini\",\"potentialAction\":[{\"@type\":\"SearchAction\",\"target\":{\"@type\":\"EntryPoint\",\"urlTemplate\":\"https:\/\/www.dualaktiviert-ruoda.ch\/wordpress\/?s={search_term_string}\"},\"query-input\":{\"@type\":\"PropertyValueSpecification\",\"valueRequired\":true,\"valueName\":\"search_term_string\"}}],\"inLanguage\":\"de\"}]}<\/script>\n<!-- \/ Yoast SEO plugin. -->","yoast_head_json":{"title":"EquiGym\u00ae - Avada Modern Shop","robots":{"index":"index","follow":"follow","max-snippet":"max-snippet:-1","max-image-preview":"max-image-preview:large","max-video-preview":"max-video-preview:-1"},"canonical":"https:\/\/www.dualaktiviert-ruoda.ch\/wordpress\/produkt\/equigym\/","og_locale":"de_DE","og_type":"article","og_title":"EquiGym\u00ae - Avada Modern Shop","og_description":"EquiGym\u00ae \u2013 Das Koordinationsprogramm f\u00fcr gesunde und ausgeglichene Pferde  Mit EquiGym\u00ae pr\u00e4sentiert Bestsellerautor Michael Geitner eine spannende Innovation aus der blau-gelben Trainingswelt: ein effektives Koordinationstraining, das die Sinne des Pferdes schult und seine Balance sowie K\u00f6rperkoordination verbessert.  Durch den gezielten Einsatz von Gassen, Pylonen und speziell entwickelten Schaumstoffmatten wird das Pferd in seinem Gleichgewicht gef\u00f6rdert. EquiGym\u00ae l\u00e4sst sich ideal in bew\u00e4hrte Trainingsmethoden wie Equikinetic\u00ae, Dual-Aktivierung\u00ae (longiert und geritten), Longe-Walking und EquiClassic-Work\u00ae integrieren. Das Ergebnis: Mehr Balance, Kraft und K\u00f6rperbewusstsein f\u00fcr dein Pferd \u2013 und dabei jede Menge Spa\u00df! Warum EquiGym\u00ae? \u2714 Verbessert Balance &amp; Koordination \u2013 F\u00f6rdert ein sicheres und ausbalanciertes Bewegungsmuster. \u2714 Gezieltes Muskeltraining \u2013 Unterst\u00fctzt den Muskelaufbau und st\u00e4rkt die Hinterhand. \u2714 Mentale F\u00f6rderung \u2013 H\u00e4lt das Pferd geistig aktiv und verbessert seine Konzentration. \u2714 Vielseitig einsetzbar \u2013 Ideal f\u00fcr Freizeit- und Sportpferde sowie f\u00fcr jede Trainingsstufe geeignet.  Bringe Abwechslung und gezielte F\u00f6rderung in das Training deines Pferdes \u2013 mit EquiGym\u00ae, dem \u201ePush-up\u201c f\u00fcr Pferde!","og_url":"https:\/\/www.dualaktiviert-ruoda.ch\/wordpress\/produkt\/equigym\/","og_site_name":"Avada Modern Shop","og_image":[{"width":425,"height":600,"url":"https:\/\/www.dualaktiviert-ruoda.ch\/wordpress\/wp-content\/uploads\/2025\/02\/equigym-buch-schweiz.jpg","type":"image\/jpeg"}],"twitter_card":"summary_large_image","twitter_misc":{"Gesch\u00e4tzte Lesezeit":"1\u00a0Minute"},"schema":{"@context":"https:\/\/schema.org","@graph":[{"@type":"WebPage","@id":"https:\/\/www.dualaktiviert-ruoda.ch\/wordpress\/produkt\/equigym\/","url":"https:\/\/www.dualaktiviert-ruoda.ch\/wordpress\/produkt\/equigym\/","name":"EquiGym\u00ae - Avada Modern Shop","isPartOf":{"@id":"https:\/\/www.dualaktiviert-ruoda.ch\/wordpress\/#website"},"primaryImageOfPage":{"@id":"https:\/\/www.dualaktiviert-ruoda.ch\/wordpress\/produkt\/equigym\/#primaryimage"},"image":{"@id":"https:\/\/www.dualaktiviert-ruoda.ch\/wordpress\/produkt\/equigym\/#primaryimage"},"thumbnailUrl":"https:\/\/www.dualaktiviert-ruoda.ch\/wordpress\/wp-content\/uploads\/2025\/02\/equigym-buch-schweiz.jpg","datePublished":"2025-02-24T22:50:31+00:00","breadcrumb":{"@id":"https:\/\/www.dualaktiviert-ruoda.ch\/wordpress\/produkt\/equigym\/#breadcrumb"},"inLanguage":"de","potentialAction":[{"@type":"ReadAction","target":["https:\/\/www.dualaktiviert-ruoda.ch\/wordpress\/produkt\/equigym\/"]}]},{"@type":"ImageObject","inLanguage":"de","@id":"https:\/\/www.dualaktiviert-ruoda.ch\/wordpress\/produkt\/equigym\/#primaryimage","url":"https:\/\/www.dualaktiviert-ruoda.ch\/wordpress\/wp-content\/uploads\/2025\/02\/equigym-buch-schweiz.jpg","contentUrl":"https:\/\/www.dualaktiviert-ruoda.ch\/wordpress\/wp-content\/uploads\/2025\/02\/equigym-buch-schweiz.jpg","width":425,"height":600,"caption":"EquiGym Buch"},{"@type":"BreadcrumbList","@id":"https:\/\/www.dualaktiviert-ruoda.ch\/wordpress\/produkt\/equigym\/#breadcrumb","itemListElement":[{"@type":"ListItem","position":1,"name":"Home","item":"https:\/\/www.dualaktiviert-ruoda.ch\/wordpress\/"},{"@type":"ListItem","position":2,"name":"Michael Geitner Online-Shop (Schweiz)","item":"https:\/\/www.dualaktiviert-ruoda.ch\/wordpress\/shop-schweiz\/"},{"@type":"ListItem","position":3,"name":"EquiGym\u00ae"}]},{"@type":"WebSite","@id":"https:\/\/www.dualaktiviert-ruoda.ch\/wordpress\/#website","url":"https:\/\/www.dualaktiviert-ruoda.ch\/wordpress\/","name":"Avada Modern Shop","description":"Fr\u00e4nzi Bugini","potentialAction":[{"@type":"SearchAction","target":{"@type":"EntryPoint","urlTemplate":"https:\/\/www.dualaktiviert-ruoda.ch\/wordpress\/?s={search_term_string}"},"query-input":{"@type":"PropertyValueSpecification","valueRequired":true,"valueName":"search_term_string"}}],"inLanguage":"de"}]}},"jetpack_sharing_enabled":true,"_links":{"self":[{"href":"https:\/\/www.dualaktiviert-ruoda.ch\/wordpress\/wp-json\/wp\/v2\/product\/14185","targetHints":{"allow":["GET"]}}],"collection":[{"href":"https:\/\/www.dualaktiviert-ruoda.ch\/wordpress\/wp-json\/wp\/v2\/product"}],"about":[{"href":"https:\/\/www.dualaktiviert-ruoda.ch\/wordpress\/wp-json\/wp\/v2\/types\/product"}],"replies":[{"embeddable":true,"href":"https:\/\/www.dualaktiviert-ruoda.ch\/wordpress\/wp-json\/wp\/v2\/comments?post=14185"}],"wp:featuredmedia":[{"embeddable":true,"href":"https:\/\/www.dualaktiviert-ruoda.ch\/wordpress\/wp-json\/wp\/v2\/media\/14186"}],"wp:attachment":[{"href":"https:\/\/www.dualaktiviert-ruoda.ch\/wordpress\/wp-json\/wp\/v2\/media?parent=14185"}],"wp:term":[{"taxonomy":"product_brand","embeddable":true,"href":"https:\/\/www.dualaktiviert-ruoda.ch\/wordpress\/wp-json\/wp\/v2\/product_brand?post=14185"},{"taxonomy":"product_cat","embeddable":true,"href":"https:\/\/www.dualaktiviert-ruoda.ch\/wordpress\/wp-json\/wp\/v2\/product_cat?post=14185"},{"taxonomy":"product_tag","embeddable":true,"href":"https:\/\/www.dualaktiviert-ruoda.ch\/wordpress\/wp-json\/wp\/v2\/product_tag?post=14185"}],"curies":[{"name":"wp","href":"https:\/\/api.w.org\/{rel}","templated":true}]}}